e highest common factor of h and 19?
1
Let b = 4866 + -4703. What is the greatest common factor of 489 and b?
163
Let m be (-8 + 12)*(-1292)/(-8). Calculate the greatest common divisor of 114 and m.
38
Let m(j) = -18*j + 1122. Let d be m(60). What is the greatest common factor of d and 126?
42
Let y be -1 + (1 - 0) + 2431/(-17). Let q = 129 + y. Let r(f) = -2*f**2 - 28*f + 19. Let j be r(q). What is the highest common factor of j and 95?
19
Let p(v) = -v**3 - 30*v**2 + 51*v + 1570. Let n be p(-30). What is the highest common divisor of n and 8570?
10
Suppose 0 = -22*z + 7382 + 5752. What is the greatest common factor of 1 and z?
1
Let o = -18859 + 18908. Calculate the greatest common divisor of 3724 and o.
49
Let h(n) = 3*n**2 - 15*n - 83. Let q be h(-6). What is the highest common factor of 1058 and q?
23
Suppose 282*y = 249*y + 495. Calculate the highest common divisor of 798 and y.
3
Let a = -21852 - -25960. What is the highest common factor of a and 1106?
158
Suppose -2416 = -47*h + 1687 - 907. Suppose -2*k - 176 = -2*y, 0 = 3*y + 4*k - 174 - 69. Calculate the highest common divisor of y and h.
17
Suppose -2*r + v = 34 - 439, 3*v = 3*r - 615. Let w(z) = 9*z - 17. Let f be w(-20). Let q = 222 + f. Calculate the highest common divisor of r and q.
25
Let y(q) = -3*q**2 - 176*q + 150. Let z be y(-30). What is the highest common divisor of 63 and z?
21
Suppose -2*z = 2*z + 164. Let u = z - -57. Suppose -u = 5*q - 96. What is the highest common factor of 48 and q?
16
Let m(x) = -11*x + 352. Let k be m(28). What is the highest common divisor of k and 600?
4
Suppose -1901*y - 45770 = -1911*y. Calculate the highest common divisor of 46 and y.
23
Suppose d + 5 = 30. Let k be (-556)/(-22) - ((-69)/11)/(-23). Calculate the highest common divisor of d and k.
25
Let i be 13*7 + 0/(-1). Suppose d = -3*f + 1292, f - 1287 = -d - f. Let u = d - 1264. What is the highest common factor of u and i?
13
Let m = 3424 - 3204. Calculate the greatest common divisor of m and 1705.
55
Suppose 4*u - 33*u + 658002 = 201252. Calculate the highest common factor of 125 and u.
125
Suppose -5*u - 3 = -18. Suppose 64 = z - u*z. Let c = -12 - z. What is the greatest common divisor of 20 and c?
20
Suppose 0 = 4*x - 5*f - 44980, x - 2*f + 137 = 11382. Calculate the greatest common factor of 26 and x.
13
Let d(h) = -7509*h - 73. Let p be d(-2). What is the greatest common factor of p and 7?
7
Let h = 8 + -3. Suppose 5*g = -3*z + 4*z + 34, 4*g + h*z = 4. Suppose -66 = 185*q - 196*q. What is the highest common divisor of q and g?
6
Let v(j) = 4*j - 16. Let h be v(8). Let r(u) = -10*u**3 - 6*u**2 - 6*u - 15. Let f be r(-3). Let p = f + -155. Calculate the highest common divisor of h and p.
16
Suppose -715 = -5*q - 5*u, -13*u + 707 = 5*q - 16*u. Let t be (-70 + q)*(-2)/(-4). Calculate the greatest common factor of t and 81.
9
Suppose 0 = 3*m - 1826 - 1177. Calculate the greatest common factor of m and 308.
77
Let f be (747/(-6) - 3)*(9 - 3). Let s be (-5)/(-40) - f/24. Let k be -4*-4*(0 - -1). What is the greatest common divisor of k and s?
16
Suppose l - 9 = -3. Suppose l*i + 117 = 15*i. Let m(a) = -a + 43. Let v be m(17). Calculate the highest common divisor of i and v.
13
Suppose 0 = -6*v + 1219 + 527. Suppose -429 = -3*j + 4*y, 0 = -2*j - 0*y + y + v. Let k = j + -51. What is the greatest common factor of k and 32?
32
Let x be ((-50)/(-925) - 2033/(-37))*(-8)/(-5). Calculate the greatest common divisor of x and 165.
11
Suppose -91*i + 72*i = -1463. Suppose 0 = -4*h + i - 17. What is the highest common factor of 35 and h?
5
Suppose -424*k + 571*k = 2370228. What is the greatest common divisor of 116 and k?
116
Suppose 4*a - 6110 = -a. Suppose -2868 - 704 = -38*v. What is the greatest common factor of v and a?
94
Suppose -17687 + 523 = -3*u - a, -3*a - 11472 = -2*u. What is the greatest common factor of 265 and u?
53
Suppose 0 = -2*w - 2*f + 10, 5*w - 6 + 1 = 5*f. What is the greatest common divisor of 235 and w?
1
Let x be (-3631)/(-5) + 2 - ((-1003)/85 - -12). What is the highest common factor of 1064 and x?
56
Let o be (28/(-7) - -5)/((-5)/(-75)). What is the highest common divisor of 165 and o?
15
Let c be 4/18*(5 + 4). Suppose -c*k + 2*x = 6, k - 2*x + 5 = -2*k. Let l be ((-12)/(-15))/((-51)/(-45) - k). Calculate the greatest common factor of 66 and l.
6
Suppose -g - y = 9 - 13, -4*y = 5*g - 27. Let l(b) = b**2 + b - 6. Let h be l(8). Calculate the greatest common divisor of g and h.
11
Suppose -63*d + 52*d = -55. Let b be 8/2*13/2. Suppose -b = -d*w + 24. What is the greatest common divisor of 10 and w?
10
Suppose 267*m - 248666 - 104575 = 0. Calculate the greatest common factor of m and 81.
27
Suppose -5*y - 18*y + 1026 = -331. Calculate the highest common divisor of y and 1.
1
Suppose -5*x + 5*t - 326 + 986 = 0, 0 = 3*t - 12. Suppose -2*v + 150 = -802. Calculate the greatest common divisor of x and v.
68
Let l be (279/(-18) - -4)/((-11)/110). What is the highest common factor of l and 25?
5
Let z = -312 - -340. Let y be (-3)/(-15) + 9/5 - 1. Let u be (18 - 18) + (y - -6). What is the highest common factor of u and z?
7
Let x = 3192 - 2191. What is the greatest common factor of x and 26?
13
Suppose -72 = 37*o + 33*o - 71*o. Calculate the highest common divisor of o and 2178.
18
Let j be 110/3*6/5. Let s = 23247 + -23126. Calculate the greatest common factor of s and j.
11
Let y = -90855 - -90883. Suppose -4*p + 112 = -0*p. Calculate the greatest common factor of p and y.
28
Suppose 5*r = 3*i - 25, 6*r - 3*i + 21 = 3*r. Let d be r/13 - 420/(-26). Suppose 0 = -15*u + d*u - 17. What is the highest common factor of u and 17?
17
Let z(i) = i**3 - 16*i**2 + 18*i - 46. Let w be z(15). Let x be 185/w*(7 - 8)/1. Calculate the highest common divisor of 37 and x.
37
Suppose 0 = -0*k + k - 50. Let j be (30/24)/(3/300). What is the greatest common divisor of k and j?
25
Let u be (35/21)/(260/295932). What is the greatest common divisor of u and 56?
7
Suppose -83 - 77 = -2*g. Suppose 5*l + 11*a = 8*a + 6, 0 = 3*a + 9. Suppose n - 4 = -w + 5, -37 = -5*n + l*w. Calculate the greatest common divisor of n and g.
8
Let l be (267/5)/((-34)/(-170)). What is the greatest common factor of l and 1691?
89
Let c = -965 + 987. Calculate the highest common factor of c and 979.
11
Suppose -9*p = 24*p - 55855 + 21007. What is the highest common factor of 4884 and p?
132
Let l be 723/9 + (-2272)/426. Let c(m) = 14*m + 4. Let a be c(4). What is the highest common divisor of a and l?
15
Let f be (0 + -2)/(55/(-110)). Let a(k) = -k**3 - 4*k**2 - 3*k. Let d be a(-3). Suppose -f*w + 988 - 28 = d. What is the highest common factor of w and 24?
24
Suppose 0 = -21*g + 17*g - 12. Let w be (-3 + -9)/g - (1 - 5). What is the greatest common divisor of w and 40?
8
Suppose 0 = 4*k - 4*g - 108, 43*k - 47*k - 3*g + 157 = 0. What is the greatest common factor of 5066 and k?
34
Let d(p) = p**2 + 2*p. Let y(f) = -21*f**3 - 4*f**2 - 6*f + 5. Let k(b) = 2*d(b) + y(b). Let l be k(-2). What is the highest common factor of 52 and l?
13
Let j = -5291 - -5378. What is the greatest common factor of j and 11281?
29
Let v be (-6)/(-30) + 288/10. Suppose -d + 318 = -m, -v = 3*d - 4*m - 979. Suppose 49 - d = -z. What is the greatest common divisor of 21 and z?
21
Let w be 148/2 - (-138 + 144). Calculate the greatest common divisor of 3502 and w.
34
Let h(b) = -2*b + 199. Suppose 4*d - 3 = -v, -21 = v - 14*d + 10*d. Let t be h(v). What is the greatest common factor of t and 62?
31
Let g(r) = 3*r**2 - 3*r + 4. Let c be g(5). Let s = -8053 - -8085. Calculate the greatest common factor of c and s.
32
Let t = 110 - -151. Suppose -4*f + 7*f - t = 3*a, -f = -5*a - 83. Calculate the highest common factor of f and 55.
11
Let s(x) = 14*x - 71. Let h be s(6). Let m = h - -64. What is the highest common divisor of 21 and m?
7
Let l = -113 - -474. Let j = 651 - l. Calculate the highest common divisor of j and 40.
10
Let s(t) = -t**2 + 3*t + 20. Let r = -119 + 116. Let i be s(r). What is the greatest common factor of 4 and i?
2
Let r(i) = i**3 - 9*i**2 + 29*i. Let c be r(7). Let y = -271 - -446. Calculate the greatest common divisor of y and c.
35
Let a = -18 + 18. Let v(x) = x**3 + 5*x**2 + 2*x + 28. Let q be v(a). Calculate the greatest comm